{"id":331,"date":"2018-04-27T14:15:19","date_gmt":"2018-04-27T14:15:19","guid":{"rendered":"http:\/\/fiorello.mikado-themes.com\/?post_type=product&#038;p=331"},"modified":"2022-01-30T17:03:42","modified_gmt":"2022-01-30T17:03:42","slug":"scarlet-sage","status":"publish","type":"product","link":"https:\/\/www.blumen-maja.com\/index.php\/product\/scarlet-sage\/","title":{"rendered":"Hochzeitsstrau\u00df &#8222;Romantik&#8220;"},"content":{"rendered":"<p>[vc_row][vc_column]<div class=\"mkdf-section-title-holder   mkdf-st-subtitle-pos-under\" >\n\t<div class=\"mkdf-st-inner\">\n\t\t\t\t\t\t\t<h3 class=\"mkdf-st-title\" >\n\t\t\t\tHochzeitsstrau\u00df Romantik\t\t\t<\/h3>\n\t\t        \t\t\t\t\t<p class=\"mkdf-st-text\" >\n\t\t\t\tF\u00fcr den sch\u00f6nsten Tag im Leben ein Blumenstrau\u00df in den Farben rose und weis.\t\t\t<\/p>\n\t\t\t<\/div>\n<\/div>[\/vc_column][\/vc_row]<\/p>\n","protected":false},"excerpt":{"rendered":"<p>Hochzeitsstrau\u00df &#8222;Romantik&#8220; f\u00fcr den sch\u00f6nsten Tag im Leben in den Farben rose und wei\u00df.<\/p>\n","protected":false},"featured_media":3225,"template":"","meta":[],"product_cat":[114,85],"product_tag":[140,62],"_links":{"self":[{"href":"https:\/\/www.blumen-maja.com\/index.php\/wp-json\/wp\/v2\/product\/331"}],"collection":[{"href":"https:\/\/www.blumen-maja.com\/index.php\/wp-json\/wp\/v2\/product"}],"about":[{"href":"https:\/\/www.blumen-maja.com\/index.php\/wp-json\/wp\/v2\/types\/product"}],"wp:featuredmedia":[{"embeddable":true,"href":"https:\/\/www.blumen-maja.com\/index.php\/wp-json\/wp\/v2\/media\/3225"}],"wp:attachment":[{"href":"https:\/\/www.blumen-maja.com\/index.php\/wp-json\/wp\/v2\/media?parent=331"}],"wp:term":[{"taxonomy":"product_cat","embeddable":true,"href":"https:\/\/www.blumen-maja.com\/index.php\/wp-json\/wp\/v2\/product_cat?post=331"},{"taxonomy":"product_tag","embeddable":true,"href":"https:\/\/www.blumen-maja.com\/index.php\/wp-json\/wp\/v2\/product_tag?post=331"}],"curies":[{"name":"wp","href":"https:\/\/api.w.org\/{rel}","templated":true}]}}